6323 a prime number?
True
Is 3501508831 prime?
True
Is 870106981 prime?
False
Is 5399002963 a composite number?
True
Is 1339898479 a composite number?
False
Is 1248278927 prime?
False
Is 153010937 composite?
False
Is 99872952703 a prime number?
True
Is 63130302127 a prime number?
True
Is 2440671991 a composite number?
False
Is 24507878271 a composite number?
True
Is 8819804993 a composite number?
False
Is 5124903893 composite?
False
Is 47740410149 composite?
False
Is 869754971 a composite number?
True
Is 2791346681 a composite number?
True
Is 3809921291 composite?
True
Is 54881009047 a composite number?
False
Is 10556401063 a composite number?
True
Is 1441002497 a composite number?
True
Is 232004986 a prime number?
False
Is 68666031921 composite?
True
Is 6595101563 a prime number?
False
Is 283315129 prime?
True
Is 66652075921 a composite number?
False
Is 1472698199 a prime number?
False
Is 854107007 prime?
False
Is 60519228703 prime?
True
Is 1419521699 composite?
False
Is 8002299913 composite?
True
Is 16222976543 prime?
True
Is 201234691 composite?
True
Is 245545519 a prime number?
False
Is 66517354789 a composite number?
False
Is 1505909591 composite?
False
Is 65808081159 a composite number?
True
Is 145544441 a prime number?
False
Is 2552773669 a composite number?
True
Is 492682997 prime?
False
Is 39426198493 a composite number?
True
Is 427915273 a composite number?
True
Is 2191422227 composite?
False
Is 38152548947 a prime number?
False
Is 740273047 composite?
True
Is 4387142209 prime?
False
Is 7326026467 a composite number?
False
Is 61472226899 prime?
False
Is 377339231 a prime number?
True
Is 10823407613 a composite number?
False
Is 13988063113 a composite number?
False
Is 475836353 composite?
True
Is 2080504933 prime?
False
Is 9907680109 composite?
True
Is 40268110297 prime?
False
Is 86950107473 a prime number?
False
Is 668949059 composite?
True
Is 46538972767 a prime number?
False
Is 1893079909 prime?
False
Is 6475029131 a prime number?
False
Is 152147621 a prime number?
True
Is 5530700407 a prime number?
True
Is 675784679 a composite number?
False
Is 250566551 composite?
False
Is 122295779 prime?
True
Is 3732997031 prime?
False
Is 185982728101 a prime number?
True
Is 276260631385 a composite number?
True
Is 3133421611 prime?
False
Is 109700323 a prime number?
True
Is 3231541351 composite?
True
Is 6976122053 a prime number?
False
Is 6306442273 a composite number?
True
Is 1987872559 a composite number?
False
Is 226380907 composite?
False
Is 39360321979 a composite number?
True
Is 30312577417 prime?
True
Is 516234821 a composite number?
False
Is 15491203069 a prime number?
True
Is 1057560169 a prime number?
True
Is 94320979 composite?
True
Is 733249819 composite?
True
Is 27968998147 a prime number?
True
Is 5903370491 a composite number?
False
Is 123604931 a composite number?
True
Is 34797057821 composite?
True
Is 368426449 composite?
True
Is 67542719 a prime number?
False
Is 19756501927 a composite number?
True
Is 115753052761 a composite number?
True
Is 5567137447 composite?
True
Is 27689549807 a composite number?
True
Is 4266878045 prime?
False
Is 27966445237 a composite number?
False
Is 250609045483 a composite number?
False
Is 4744076621 a prime number?
False
Is 16719510851 composite?
False
Is 91955521141 prime?
False
Is 3036337547 prime?
False
Is 1890300463 a prime number?
True
Is 323640439 composite?
True
Is 5169520031 prime?
False
Is 833166251 a composite number?
False
Is 11473160863 a prime number?
False
Is 1378176433 prime?
False
Is 7615813993 prime?
True
Is 9773364589 a prime number?
True
Is 140641547 a composite number?
True
Is 662542399 a composite number?
False
Is 4572467 a composite number?
True
Is 20008609277 composite?
True
Is 37973562307 a composite number?
True
Is 11525684063 composite?
True
Is 2812422193 composite?
True
Is 15268028371 prime?
False
Is 407292778267 a composite number?
False
Is 52304557 prime?
False
Is 34020584903 composite?
False
Is 131277967 a composite number?
False
Is 373547383 a prime number?
False
Is 6905073551 prime?
True
Is 36268760101 a prime number?
False
Is 206843083 a composite number?
False
Is 396142633 a prime number?
False
Is 25158825889 composite?
True
Is 2510099381 composite?
True
Is 18275180009 prime?
False
Is 1213392461 a prime number?
True
Is 373653181 composite?
True
Is 23896382347 composite?
True
Is 1557993949 prime?
False
Is 122858512717 a composite number?
True
Is 1786255999 composite?
True
Is 1552131029 a prime number?
True
Is 4977539941 a composite number?
True
Is 4207440529 a prime number?
False
Is 35213664791 a composite number?
True
Is 476511859 prime?
True
Is 2554496759 prime?
False
Is 477360887 prime?
True
Is 59192724683 a composite number?
True
Is 273797501 a prime number?
False
Is 3513636149 composite?
False
Is 154809638401 a composite number?
True
Is 28258073707 a composite number?
True
Is 21768030619 composite?
False
Is 3382929713 a composite number?
False
Is 1231310939 prime?
True
Is 63333075181 a prime number?
True
Is 18690317669 a composite number?
False
Is 28206551179 composite?
False
Is 145958723423 composite?
True
Is 1317625289 prime?
True
Is 45518315243 prime?
False
Is 38049611851 prime?
True
Is 38156365987 composite?
True
Is 29746163 a composite number?
False
Is 35860200577 prime?
False
Is 14852904299 prime?
True
Is 13751564609 a composite number?
False
Is 2140269011 a prime number?
True
Is 10310285467 prime?
False
Is 232569391 a composite number?
False
Is 8499642631 a prime number?
True
Is 26822639966 composite?
True
Is 560584220203 a prime number?
False
Is 2995378079 composite?
False
Is 13573859599 prime?
True
Is 4958768923 a composite number?
False
Is 14608923193 a prime number?
False
Is 9224937719 composite?
False
Is 66904315691 composite?
False
Is 15767635973 a composite number?
True
Is 6425915299 a composite number?
False
Is 105577511309 a prime number?
False
Is 315410123 composite?
True
Is 428805187 prime?
True
Is 55770158243 a prime number?
True
Is 22714999 prime?
True
Is 620560277 prime?
True
Is 1853464582 prime?
False
Is 2551526129 a composite number?
True
Is 2730004091 a composite number?
False
Is 507877541 a composite number?
False
Is 1058100371 a prime number?
True
Is 259974201 prime?
False
Is 321305351 prime?
False
Is 175496723 prime?
False
Is 4504672541 composite?
True
Is 141438920807 a prime number?
True
Is 687457525661 prime?
True
Is 2481403465 prime?
False
Is 472293871 a composite number?
True
Is 438271931 a composite number?
False
Is 3187528061 a composite number?
False
Is 18928331921 prime?
True
Is 5874752777 a composite number?
False
Is 388216889 composite?
False
Is 62525917 composite?
False
Is 337187189539 a prime number?
True
Is 8239476149 composite?
False
Is 11143751653 a prime number?
False
Is 2212575269 prime?
False
Is 1858762 a prime number?
False
Is 635628871 prime?
True
Is 2160153811 prime?
False
Is 23609355067 composite?
True
Is 3905218379 a composite number?
False
Is 3111015499 composite?
False
Is 17375505659 composite?
False
Is 207537730789 composite?
False
Is 100185139 composite?
False
Is 52766631283 a prime number?
True
Is 16759845391 prime?
False
Is 289642049 a prime number?
True
Is 3953929703 prime?
True
Is 131699779 prime?
True
Is 187328101 composite?
False
Is 52009636933 prime?
True
Is 88680091 a prime number?
False
Is 92617581899 prime?
True
Is 5238293 prime?
True
Is 474243157 a prime number?
True
Is 11959672099 composite?
False
Is 16307107277 composite?
True
Is 3409549489 prime?
True
Is 6753642151 a composite number?
False
Is 140074457 a composite number?
True
Is 38004536767 a prime number?
False
Is 198819500771 a composite number?
False
Is 6161278583 a prime number?
False
Is 475551143 a prime number?
True
Is 11109644863 a composite number?
True
Is 660018661 a composite number?
False
Is 9263184683 composite?
False
Is 167927687621 a prime number?
True
Is 18863879 composite?
False
Is 4592456887 a prime number?
True
Is 785309233 a composite number?
True
Is 12165333563 composite?
True
Is 1956456653 prime?
True
Is 714156182 a prime number?
False
Is 15495183641 composite?
True
Is 130941524419 composite?
False
Is 188008484477 a prime number?
False
Is 887703301 a composite number?
True
Is 204786671 a composite number?
False
Is 2